 z = t + -223. Let v(i) = i + 5. Calculate v(z).
0
Let s(a) be the second derivative of -a**3/2 + 10*a**2 + 8*a + 3. Determine s(13).
-19
Let m(x) be the second derivative of 79*x**3/6 + 871*x**2/2 + 9378*x. Calculate m(-11).
2
Let z(a) = a**3 + 3*a**2 + 2. Let q be z(-3). Suppose q*s - 2 = -4. Let j(h) = 12*h + 5. Let b be j(s). Let r(d) = d**3 + 8*d**2 + 8*d - 5. Determine r(b).
-12
Let v(y) be the second derivative of -5*y**3/2 - 209*y**2/2 + 2*y + 5. Let j be v(-14). Let o(c) = 0*c - c - c - 3*c**2 + 1. Give o(j).
-4
Let y(q) = -149*q**2 - 28*q - 13. Let p(s) = 85*s**2 + 13*s + 6. Let t(z) = 7*p(z) + 4*y(z). What is t(-11)?
100
Let t(o) = 3*o - 21. Let f(y) = y - 7. Let p(z) = -11*f(z) + 4*t(z). Let d be 3 - (-3 - (-4 - -2)). Suppose 4*s - x + d*x = 5, x = s - 10. What is p(s)?
-2
Let f(y) = -17*y + 11. Let s(v) = -7*v + 5. Let n(i) = -2*f(i) + 5*s(i). Let p = 111 + -115. What is n(p)?
7
Let a(u) = -1. Let h(j) = -3*j + 2. Let g be (7/(-2 + 23))/(3/(-9)). Let y(v) = g*h(v) - 5*a(v). Suppose z + 4*z = -10. Calculate y(z).
-3
Suppose -141 = 3*l - 147. Let b(n) be the second derivative of 7/6*n**3 + 0 - n**l - 1/12*n**4 - 5*n. What is b(5)?
8
Let r(d) = d**3 - 22 + 13278*d**2 - 264*d + 249*d - 13269*d**2. Determine r(-10).
28
Let b(p) = 8*p**3 + 6*p + 7. Let o(z) = 7*z**3 - z**2 + 5*z + 6. Let g(y) = -6*b(y) + 7*o(y). Suppose 2*d - 9 = c - 2*c, 5*c - 34 = d. Give g(c).
-7
Let u(i) be the third derivative of i**4/24 + 5*i**3 + 1330*i**2. Determine u(-16).
14
Let v(i) = 2 - 84*i + 70*i - 1. Let d(c) = 16*c - 2. Let s(x) = 6*d(x) + 7*v(x). What is s(-8)?
11
Let n(o) = -179*o + 3232. Let t be n(18). Let f(k) = -3*k**3 + 32*k**2 - 16*k - 16. What is f(t)?
24
Let i(a) = 4*a**2 + 6*a - 5. Let j(f) = -2*f**2 - 3*f + 3. Let v(o) = -3*i(o) - 5*j(o). Let n be 2*-8 - (3 - -5). Let q be -18*2/n*-2. Determine v(q).
-9
Let f = -459 - -462. Suppose -f*u + 32 = -7*u. Let d(t) = -t. Calculate d(u).
8
Let c(v) = -6*v**2 + 35*v - 16. Let p be (12 + 319/(-22))*-2. Determine c(p).
9
Let q(l) = -4*l**3 + 12*l**2 - 18*l - 14. Suppose 0 = 5*o + 3 + 7. Let f(p) = -3*p**3 + 11*p**2 - 16*p - 14. Let i(z) = o*q(z) + 3*f(z). What is i(7)?
0
Suppose 287*k + 60 = -4*g + 292*k, 0 = -3*g - 5*k - 80. Let f(o) = o**3 + 20*o**2 - 4*o - 83. Give f(g).
-3
Let h(z) = 44*z. Let c be h(0). Let s(u) = c*u + 10*u**2 + 1 + u - 8*u**2 - u**3. Calculate s(3).
-5
Let v(i) = 7*i + 9. Let d(x) = 4*x + 5. Suppose -5*r = -2*j + 15, 2*j + 2*r - 4 - 4 = 0. Let f(w) = j*d(w) - 3*v(w). Let t = 5 + -7. Give f(t).
0
Let l(v) = -66 - 75 + 144 - 12*v - 11*v**2 - v**3. Let q(k) = -k**3 - 10*k**2 - 11*k + 2. Let y(n) = 3*l(n) - 4*q(n). Suppose -2*u = 6 + 6. Determine y(u).
-11
Suppose -5*t + 2*y + 2*y = -521, 3*t - 5*y - 310 = 0. Let o = t + -111. Let a(c) = c**3 + 6*c**2 + 2*c + 6. Determine a(o).
-6
Suppose 50*j = 51*j - 4. Let i(t) be the first derivative of t**4/4 - 2*t**3 + 11*t**2/2 - 11*t - 6. Let c be i(j). Let x(u) = -u + 2. Give x(c).
1
Let n(q) = 3*q**2 - 3*q + 16. Let c(u) = u**2 - u + 17. Let s(w) = -2*c(w) + n(w). Give s(-4).
2
Let o be 2 - 21/15 - 3/5. Let s(c) = -3*c + 4 + 6 + o + 2 - 8. Give s(-3).
13
Let p(a) = -a**3 - 5*a**2 + 2. Suppose 0 = 2*c + 4*c - 156. Let o = 21 - c. Give p(o).
2
Suppose 3*a + 0*a - 185 = -5*y, -5*y - 4*a = -185. Suppose 3*i + 34 = y. Let x(m) = 12 + 0*m + 5*m - i - 4*m. Give x(-8).
3
Let p = 268 + -263. Suppose -r + 33 = -p*y, y + 10*r - 6*r = 6. Let n(v) = v + 4. What is n(y)?
-2
Let t(d) = 18*d**2 + d - 1. Let r(n) = -197*n**2 - 32*n - 5. Let y(q) = 2*r(q) + 22*t(q). Determine y(23).
60
Let a(o) = o**3 - 7*o**2 - 2*o - 51. Let w = 650 + -642. What is a(w)?
-3
Let p(g) = g**2 + 22*g - 25. Let z(l) = 5*l + 322. Let r be z(-69). Calculate p(r).
-2
Let r be (15 + 237/(-15))/(6*6/90). Let g(m) be the third derivative of m**5/60 - m**3/3 - 2*m**2. Determine g(r).
2
Let d(c) = -c**3 - c**2 + 21*c + 9. Suppose 4*s + 22 = -b, -22*b + 36 = -26*b - 3*s. Calculate d(b).
63
Let c(s) = s**3 + s**2 + 5*s - 3. Let f(j) = j + 13. Let h be f(-8). Let v(t) = -t**3 - 6*t + 4. Let x(y) = h*c(y) + 4*v(y). Let p = 91 - 96. Determine x(p).
-4
Let v(p) = -4*p + 16. Let u be v(7). Let a be 4/16 + 15/u. Let x(k) be the second derivative of 3*k**3/2 - 320*k. Determine x(a).
-9
Let s(f) = 2*f**2 + 0 + 5 - 6 - f**3. Let o be s(1). Let n(y) = o + 7 - 2 - y - 3. Give n(2).
0
Let a(f) = -f**2 + f - 7. Suppose -7*x - 144 = 6*x - 40. Give a(x).
-79
Let u(d) = 4*d - 1. Suppose -4*g + 2 + 2 = 0. Let p be -2 - (20/100 - g/5). Let c(l) = 4*l - 1. Let h(n) = p*u(n) + 3*c(n). What is h(1)?
3
Let q(s) = -s + 64. Let p be q(56). Let i(v) = 14*v - 102. Calculate i(p).
10
Let l = 70069 + -70071. Let j(y) be the third derivative of -y**5/60 - y**4/8 - y**3/2 - y**2. Give j(l).
-1
Let n be (29/(-29))/((-2)/42). Let o(l) = -7 - 16*l - n*l + 41*l. Calculate o(3).
5
Let x(d) = 19*d**2 + 12*d + 1. Let i(n) = -62*n**2 - 36*n - 2. Let a(j) = 2*i(j) + 7*x(j). What is a(-2)?
15
Let p be ((-1)/5)/((-4)/20). Let q be (0/p)/3 + 3. Let y(t) = -3*t - q*t**3 + 2*t**3 - 5*t**2 + 8*t - 3 + 7*t**2. What is y(3)?
3
Let m(n) be the second derivative of -n**4/12 + 2*n**3 - 7*n**2/2 - 1351*n. Give m(9).
20
Suppose -1291 = 6*z - 6127. Let j = -810 + z. Let n(u) be the second derivative of -u**4/12 - u**3/3 + 2*u**2 - u. What is n(j)?
-4
Let u(f) = 6*f**2 - 7*f + 6. Let y be 4 + (-2)/1 + 4. Let c(i) = 5*i**2 - 7*i + 5. Let z(l) = y*u(l) - 7*c(l). Suppose -3*o - 37 = -13. What is z(o)?
9
Let o be 2/(-11) + (6 - (-873)/(-99)). Let h(u) = 5*u**2 - 9*u - 12. Let x(n) = -12*n**2 + 18*n + 23. Let s(q) = o*x(q) - 7*h(q). Determine s(-6).
-3
Let r(s) = -8 + 21 - 25*s + 11 + 24*s. Let z be r(22). Let d(a) = -10 + z + 3*a - 7 - 4*a. Give d(-7).
-8
Let z(n) = 8 + n**3 - 15*n - 14 - 19 + 717*n**2 - 4 - 707*n**2. What is z(-11)?
15
Suppose -3*a - 13 = 3*x + 5, 18 = -3*a + 2*x. Let j(k) be the third derivative of k**6/120 + k**5/10 - k**4/24 - k**3/3 + 14431*k**2 + 2. Give j(a).
4
Let g = 457 + -461. Let h(i) = 17 - 5*i - 134*i**2 - 15 + 133*i**2 - 8. Calculate h(g).
-2
Let y(f) be the first derivative of 0*f**5 - 4/3*f**3 + 0*f**2 + 11 - 1/6*f**4 + 1/360*f**6 + 0*f. Let c(t) be the third derivative of y(t). What is c(4)?
12
Let z = 294 + -284. Let v(o) = 2*o - 18. Determine v(z).
2
Let m(f) = 11*f - 171 - f**3 - 14985*f**2 + 14990*f**2 - 161 + 343. Calculate m(7).
-10
Let i(o) = -o**3 + 5*o**2 - 3*o - 4. Let r be i(3). Let n(l) be the third derivative of -l**6/120 + l**5/15 + 7*l**4/24 - l**3/2 - 3077*l**2 - 2. Give n(r).
7
Let a = -2535 - -2536. Let q(i) = 33 - 2*i**2 - 23 - 13 + 3*i. Determine q(a).
-2
Let j = -113 - -228. Let w = -111 + j. Let b(z) = -5 + 11*z - z**2 + 3*z - 9*z. Determine b(w).
-1
Let u(n) = 7*n**3 + n - 1. Let i(x) = 8 - 9*x**3 - 9 + x**2 + 3*x**3. Let l be i(-1). Let q = l + -5. Calculate u(q).
7
Let q(o) be the third derivative of -o**5/60 + 5*o**4/12 - o**3/2 + 10*o**2 - 12*o. Let c = 131 + -122. What is q(c)?
6
Let u = -5 - 0. Let z(b) = -9*b + 35. Let f be 8*-1*2/20*-5. Let a(r) = 5*r - 19. Let v(j) = f*z(j) + 7*a(j). Calculate v(u).
12
Let r = -62 - -42. Let h = r + 14. Let u(j) = -5 + 7*j + 11*j**2 + 3*j**2 + 2*j**2 + 1 - 15*j**2. Calculate u(h).
-10
Let f(b) = -4*b - 6. Suppose 2*w = 5*h + 848 - 880, 0 = -2*h + 12. Calculate f(w).
-2
Suppose -652 = -111*i + 14. Let k(r) = -3*r + 10. Calculate k(i).
-8
Suppose -2160 = 755*i - 764*i. Suppose 244*r + 4 = i*r. Let t(a) be the first derivative of 8*a**3/3 - a**2/2 + 1. Determine t(r).
9
Let m be (0/(-314))/(1 + -2 + -1). Let k(h) be the second derivative of -1/20*h**5 + 2/3*h**4 + 9*h + 1/3*h**3 - 1/2*h**2 + m. Give k(8).
15
Let n be (-4)/18 - 203/(-63). Suppose -n*m = 2*k - m - 6, 5*k - 4*m = 51. Let r(x) = x**3 - 6*x**2 - 6*x - 10. Calculate r(k).
-3
Let d(g) = 2*g**3 + 0*g + 20*g - 2368*g**2 + 1189*g**2 + 1197*g**2 - 3*g**3 - 26. Give d(19).
-7
Let c = 168 - 142. Let b(o) = 0*o**2 - o**2 - 36*o + c*o + 2*o**2 + 5. Give b(10).
5
Let w(y) = -25. Let s(q) = -q - 6. Let f(z) = -2*s(z) + 3*w(z). Give f(19).
-25
Let u(v) be the second derivative of v**3/3 - 19*v**2/2 - 226*v + 3. Calculate u(7).
-5
Let t(m) = -29*m**2 + 32*m + 210. Let n(k) = 5*k**2 - 6*k - 37. Let c(a) = -34*n(a) - 6*t(a). Calculate c(1).
14
Let v(j) be the third derivative of j**5/60 + 13*j**4/